{"version":"1.0","provider_name":"Padre Kino","provider_url":"http:\/\/www.padrekino.org\/es","author_name":"KinoOrg","author_url":"http:\/\/www.padrekino.org\/es\/author\/paolo\/","title":"Im\u00e1genes y v\u00eddeo del Festival Kino 2017 - Padre Kino","type":"rich","width":600,"height":338,"html":"<blockquote class=\"wp-embedded-content\"><a href=\"http:\/\/www.padrekino.org\/es\/imagenes-del-festival-kino-2017\/\">Im\u00e1genes y v\u00eddeo del Festival Kino 2017<\/a><\/blockquote>\n<script type='text\/javascript'>\n<!--\/\/--><![CDATA[\/\/><!--\n\t\t\/*! This file is auto-generated *\/\n\t\t!function(d,l){\"use strict\";var e=!1,n=!1;if(l.querySelector)if(d.addEventListener)e=!0;if(d.wp=d.wp||{},!d.wp.receiveEmbedMessage)if(d.wp.receiveEmbedMessage=function(e){var t=e.data;if(t)if(t.secret||t.message||t.value)if(!\/[^a-zA-Z0-9]\/.test(t.secret)){for(var r,i,a,s=l.querySelectorAll('iframe[data-secret=\"'+t.secret+'\"]'),n=l.querySelectorAll('blockquote[data-secret=\"'+t.secret+'\"]'),o=new RegExp(\"^https?:$\",\"i\"),c=0;c<n.length;c++)n[c].style.display=\"none\";for(c=0;c<s.length;c++)if(r=s[c],e.source===r.contentWindow){if(r.removeAttribute(\"style\"),\"height\"===t.message){if(1e3<(a=parseInt(t.value,10)))a=1e3;else if(~~a<200)a=200;r.height=a}if(\"link\"===t.message)if(i=l.createElement(\"a\"),a=l.createElement(\"a\"),i.href=r.getAttribute(\"src\"),a.href=t.value,o.test(a.protocol))if(a.host===i.host)if(l.activeElement===r)d.top.location.href=t.value}}},e)d.addEventListener(\"message\",d.wp.receiveEmbedMessage,!1),l.addEventListener(\"DOMContentLoaded\",t,!1),d.addEventListener(\"load\",t,!1);function t(){if(!n){n=!0;for(var e,t,r=-1!==navigator.appVersion.indexOf(\"MSIE 10\"),i=!!navigator.userAgent.match(\/Trident.*rv:11\\.\/),a=l.querySelectorAll(\"iframe.wp-embedded-content\"),s=0;s<a.length;s++){if(!(e=a[s]).getAttribute(\"data-secret\"))t=Math.random().toString(36).substr(2,10),e.src+=\"#?secret=\"+t,e.setAttribute(\"data-secret\",t);if(r||i)(t=e.cloneNode(!0)).removeAttribute(\"security\"),e.parentNode.replaceChild(t,e)}}}}(window,document);\n\/\/--><!]]>\n<\/script><iframe sandbox=\"allow-scripts\" security=\"restricted\" src=\"http:\/\/www.padrekino.org\/es\/imagenes-del-festival-kino-2017\/embed\/\" width=\"600\" height=\"338\" title=\"\u00abIm\u00e1genes y v\u00eddeo del Festival Kino 2017\u00bb \u2014 Padre Kino\" frameborder=\"0\" marginwidth=\"0\" marginheight=\"0\" scrolling=\"no\" class=\"wp-embedded-content\"><\/iframe>","description":"Un sincero agradecimiento a los amigos mexicanos de Magdalena de Kino para la organizaci\u00f3n de la 20\u00aa edici\u00f3n del festival que lleva el nombre de nuestro misionero Padre Kino! El Festival Kino cerr\u00f3 la edici\u00f3n m\u00e1s exitosa de su historia!! Muchas Gracias Magdalena!! https:\/\/www.facebook.com\/notes\/festival-kino\/el-festival-kino-cerr%C3%B3-la-edici%C3%B3n-m%C3%A1s-exitosa-de-su-historia\/1760566544255070\/ https:\/\/www.facebook.com\/AyuntamientoDeMagdalena\/?pnref=story https:\/\/www.facebook.com\/FestivalKino.ISC\/?hc_ref=SEARCH","thumbnail_url":"http:\/\/www.padrekino.org\/wp-content\/uploads\/2017\/05\/gracias-Magdalena-300x225.jpg"}

Imágenes y vídeo del Festival Kino 2017 - Padre Kino

<blockquote class="wp-embedded-content"><a href="http://www.padrekino.org/es/imagenes-del-festival-kino-2017/">Imágenes y vídeo del Festival Kino 2017</a></blockquote>
<script type='text/javascript'>
<!--//--><![CDATA[//><!--
		/*! This file is auto-generated */
		!function(d,l){"use strict";var e=!1,n=!1;if(l.querySelector)if(d.addEventListener)e=!0;if(d.wp=d.wp||{},!d.wp.receiveEmbedMessage)if(d.wp.receiveEmbedMessage=function(e){var t=e.data;if(t)if(t.secret||t.message||t.value)if(!/[^a-zA-Z0-9]/.test(t.secret)){for(var r,i,a,s=l.querySelectorAll('iframe[data-secret="'+t.secret+'"]'),n=l.querySelectorAll('blockquote[data-secret="'+t.secret+'"]'),o=new RegExp("^https?:$","i"),c=0;c<n.length;c++)n[c].style.display="none";for(c=0;c<s.length;c++)if(r=s[c],e.source===r.contentWindow){if(r.removeAttribute("style"),"height"===t.message){if(1e3<(a=parseInt(t.value,10)))a=1e3;else if(~~a<200)a=200;r.height=a}if("link"===t.message)if(i=l.createElement("a"),a=l.createElement("a"),i.href=r.getAttribute("src"),a.href=t.value,o.test(a.protocol))if(a.host===i.host)if(l.activeElement===r)d.top.location.href=t.value}}},e)d.addEventListener("message",d.wp.receiveEmbedMessage,!1),l.addEventListener("DOMContentLoaded",t,!1),d.addEventListener("load",t,!1);function t(){if(!n){n=!0;for(var e,t,r=-1!==navigator.appVersion.indexOf("MSIE 10"),i=!!navigator.userAgent.match(/Trident.*rv:11\./),a=l.querySelectorAll("iframe.wp-embedded-content"),s=0;s<a.length;s++){if(!(e=a[s]).getAttribute("data-secret"))t=Math.random().toString(36).substr(2,10),e.src+="#?secret="+t,e.setAttribute("data-secret",t);if(r||i)(t=e.cloneNode(!0)).removeAttribute("security"),e.parentNode.replaceChild(t,e)}}}}(window,document);
//--><!]]>
</script><iframe sandbox="allow-scripts" security="restricted" src="http://www.padrekino.org/es/imagenes-del-festival-kino-2017/embed/" width="600" height="338" title="«Imágenes y vídeo del Festival Kino 2017» — Padre Kino" frameborder="0" marginwidth="0" marginheight="0" scrolling="no" class="wp-embedded-content"></iframe>

Un sincero agradecimiento a los amigos mexicanos de Magdalena de Kino para la organización de la 20ª edición del festival que lleva el nombre de nuestro misionero Padre Kino! El Festival Kino cerró la edición más exitosa de su historia!! Muchas Gracias Magdalena!! https://www.facebook.com/notes/festival-kino/el-festival-kino-cerr%C3%B3-la-edici%C3%B3n-m%C3%A1s-exitosa-de-su-historia/1760566544255070/ https://www.facebook.com/AyuntamientoDeMagdalena/?pnref=story https://www.facebook.com/FestivalKino.ISC/?hc_ref=SEARCH
