{"version":"1.0","provider_name":"Padre Kino","provider_url":"https:\/\/www.padrekino.org\/de","author_name":"KinoOrg","author_url":"https:\/\/www.padrekino.org\/de\/author\/paolo\/","title":"Bilder und Video des Festivals Kino 2017 - Padre Kino","type":"rich","width":600,"height":338,"html":"<blockquote class=\"wp-embedded-content\"><a href=\"https:\/\/www.padrekino.org\/de\/imagenes-del-festival-kino-2017\/\">Bilder und Video des Festivals Kino 2017<\/a><\/blockquote>\n<script type='text\/javascript'>\n<!--\/\/--><![CDATA[\/\/><!--\n\t\t\/*! This file is auto-generated *\/\n\t\t!function(d,l){\"use strict\";var e=!1,n=!1;if(l.querySelector)if(d.addEventListener)e=!0;if(d.wp=d.wp||{},!d.wp.receiveEmbedMessage)if(d.wp.receiveEmbedMessage=function(e){var t=e.data;if(t)if(t.secret||t.message||t.value)if(!\/[^a-zA-Z0-9]\/.test(t.secret)){for(var r,i,a,s=l.querySelectorAll('iframe[data-secret=\"'+t.secret+'\"]'),n=l.querySelectorAll('blockquote[data-secret=\"'+t.secret+'\"]'),o=new RegExp(\"^https?:$\",\"i\"),c=0;c<n.length;c++)n[c].style.display=\"none\";for(c=0;c<s.length;c++)if(r=s[c],e.source===r.contentWindow){if(r.removeAttribute(\"style\"),\"height\"===t.message){if(1e3<(a=parseInt(t.value,10)))a=1e3;else if(~~a<200)a=200;r.height=a}if(\"link\"===t.message)if(i=l.createElement(\"a\"),a=l.createElement(\"a\"),i.href=r.getAttribute(\"src\"),a.href=t.value,o.test(a.protocol))if(a.host===i.host)if(l.activeElement===r)d.top.location.href=t.value}}},e)d.addEventListener(\"message\",d.wp.receiveEmbedMessage,!1),l.addEventListener(\"DOMContentLoaded\",t,!1),d.addEventListener(\"load\",t,!1);function t(){if(!n){n=!0;for(var e,t,r=-1!==navigator.appVersion.indexOf(\"MSIE 10\"),i=!!navigator.userAgent.match(\/Trident.*rv:11\\.\/),a=l.querySelectorAll(\"iframe.wp-embedded-content\"),s=0;s<a.length;s++){if(!(e=a[s]).getAttribute(\"data-secret\"))t=Math.random().toString(36).substr(2,10),e.src+=\"#?secret=\"+t,e.setAttribute(\"data-secret\",t);if(r||i)(t=e.cloneNode(!0)).removeAttribute(\"security\"),e.parentNode.replaceChild(t,e)}}}}(window,document);\n\/\/--><!]]>\n<\/script><iframe sandbox=\"allow-scripts\" security=\"restricted\" src=\"https:\/\/www.padrekino.org\/de\/imagenes-del-festival-kino-2017\/embed\/\" width=\"600\" height=\"338\" title=\"&#8222;Bilder und Video des Festivals Kino 2017&#8220; &#8211; Padre Kino\" frameborder=\"0\" marginwidth=\"0\" marginheight=\"0\" scrolling=\"no\" class=\"wp-embedded-content\"><\/iframe>","description":"Ein herzlicher Dank an mexikanischen Freunde von Magdalena de Kino f\u00fcr die 20. Ausgabe des Festivals zu organisieren, die den Namen unseres Missionars Padre Kino tr\u00e4gt! Kino Festival schlo\u00df die erfolgreichste Ausgabe in seiner Geschichte!! Vielen Danke Magdalena !! https:\/\/www.facebook.com\/notes\/festival-kino\/el-festival-kino-cerr%C3%B3-la-edici%C3%B3n-m%C3%A1s-exitosa-de-su-historia\/1760566544255070\/ https:\/\/www.facebook.com\/AyuntamientoDeMagdalena\/?pnref=story https:\/\/www.facebook.com\/FestivalKino.ISC\/?hc_ref=SEARCH","thumbnail_url":"http:\/\/www.padrekino.org\/wp-content\/uploads\/2017\/05\/gracias-Magdalena-300x225.jpg"}

Ein herzlicher Dank an mexikanischen Freunde von Magdalena de Kino für die 20. Ausgabe des Festivals zu organisieren, die den Namen unseres Missionars Padre Kino trägt! Kino Festival schloß die erfolgreichste Ausgabe in seiner Geschichte!! Vielen Danke Magdalena !! https://www.facebook.com/notes/festival-kino/el-festival-kino-cerr%C3%B3-la-edici%C3%B3n-m%C3%A1s-exitosa-de-su-historia/1760566544255070/ https://www.facebook.com/AyuntamientoDeMagdalena/?pnref=story https://www.facebook.com/FestivalKino.ISC/?hc_ref=SEARCH
